{"id":1497,"date":"2020-10-10T21:58:51","date_gmt":"2020-10-10T21:58:51","guid":{"rendered":"https:\/\/protrainingmodels.fr\/PTM\/?page_id=1497"},"modified":"2021-12-03T08:24:53","modified_gmt":"2021-12-03T08:24:53","slug":"top-models","status":"publish","type":"page","link":"https:\/\/protrainingmodels.fr\/PTM\/top-models\/","title":{"rendered":"Top models"},"content":{"rendered":"\t\t<div data-elementor-type=\"wp-page\" data-elementor-id=\"1497\" class=\"elementor elementor-1497\">\n\t\t\t\t\t\t<section class=\"elementor-section elementor-top-section elementor-element elementor-element-dc844a1 elementor-section-content-middle elementor-section-boxed elementor-section-height-default elementor-section-height-default\" data-id=\"dc844a1\" data-element_type=\"section\" data-settings=\"{&quot;background_background&quot;:&quot;classic&quot;}\">\n\t\t\t\t\t\t\t<div class=\"elementor-background-overlay\"><\/div>\n\t\t\t\t\t\t\t<div class=\"elementor-container elementor-column-gap-no\">\n\t\t\t\t\t<div class=\"elementor-column elementor-col-100 elementor-top-column elementor-element elementor-element-652cafb\" data-id=\"652cafb\" data-element_type=\"column\">\n\t\t\t<div class=\"elementor-widget-wrap elementor-element-populated\">\n\t\t\t\t\t\t\t<\/div>\n\t\t<\/div>\n\t\t\t\t\t<\/div>\n\t\t<\/section>\n\t\t\t\t<section class=\"elementor-section elementor-top-section elementor-element elementor-element-e05fd7c elementor-section-boxed elementor-section-height-default elementor-section-height-default\" data-id=\"e05fd7c\" data-element_type=\"section\" data-settings=\"{&quot;background_background&quot;:&quot;classic&quot;}\">\n\t\t\t\t\t\t<div class=\"elementor-container elementor-column-gap-default\">\n\t\t\t\t\t<div class=\"elementor-column elementor-col-100 elementor-top-column elementor-element elementor-element-bc83089\" data-id=\"bc83089\" data-element_type=\"column\">\n\t\t\t<div class=\"elementor-widget-wrap elementor-element-populated\">\n\t\t\t\t\t\t<section class=\"elementor-section elementor-inner-section elementor-element elementor-element-d784051 elementor-section-boxed elementor-section-height-default elementor-section-height-default\" data-id=\"d784051\" data-element_type=\"section\">\n\t\t\t\t\t\t<div class=\"elementor-container elementor-column-gap-default\">\n\t\t\t\t\t<div class=\"elementor-column elementor-col-33 elementor-inner-column elementor-element elementor-element-0cb29ba\" data-id=\"0cb29ba\" data-element_type=\"column\" data-settings=\"{&quot;background_background&quot;:&quot;classic&quot;}\">\n\t\t\t<div class=\"elementor-widget-wrap elementor-element-populated\">\n\t\t\t\t\t\t<div class=\"elementor-element elementor-element-9a82c9d elementor-widget elementor-widget-heading\" data-id=\"9a82c9d\" data-element_type=\"widget\" data-widget_type=\"heading.default\">\n\t\t\t\t<div class=\"elementor-widget-container\">\n\t\t\t<h2 class=\"elementor-heading-title elementor-size-default\">Models<\/h2>\t\t<\/div>\n\t\t\t\t<\/div>\n\t\t\t\t<div class=\"elementor-element elementor-element-13c3fb9 elementor-widget-divider--view-line elementor-widget elementor-widget-divider\" data-id=\"13c3fb9\" data-element_type=\"widget\" data-widget_type=\"divider.default\">\n\t\t\t\t<div class=\"elementor-widget-container\">\n\t\t\t\t\t<div class=\"elementor-divider\">\n\t\t\t<span class=\"elementor-divider-separator\">\n\t\t\t\t\t\t<\/span>\n\t\t<\/div>\n\t\t\t\t<\/div>\n\t\t\t\t<\/div>\n\t\t\t\t<div class=\"elementor-element elementor-element-9cb7c7f elementor-widget elementor-widget-text-editor\" data-id=\"9cb7c7f\" data-element_type=\"widget\" data-widget_type=\"text-editor.default\">\n\t\t\t\t<div class=\"elementor-widget-container\">\n\t\t\t\t\t\t\t<p>Pro training models valorise \u00e0 la fois les mannequins, les aspirants mannequins, les talents en tout genre car certains talents sont \u00e9galement mannequins de mani\u00e8re occasionnelle ou ponctuelle.<br \/>Des informations concernant chaque profil\u00a0y sont \u00a0mentionn\u00e9es.<br \/>Pour des employeurs ou agences souhaitant Booker un visage ou alors d\u00e9sirant avoir ce dernier parmi ses effectifs pour du long, moyen ou court terme,<\/p><blockquote><p>\u00ab \u00a0les mannequins sont disponibles et pr\u00eat \u00e0 travailler\u00a0\u00bb<\/p><\/blockquote>\t\t\t\t\t\t<\/div>\n\t\t\t\t<\/div>\n\t\t\t\t\t<\/div>\n\t\t<\/div>\n\t\t\t\t<div class=\"elementor-column elementor-col-33 elementor-inner-column elementor-element elementor-element-0873427 elementor-hidden-phone\" data-id=\"0873427\" data-element_type=\"column\" data-settings=\"{&quot;background_background&quot;:&quot;classic&quot;}\">\n\t\t\t<div class=\"elementor-widget-wrap elementor-element-populated\">\n\t\t\t\t\t\t<div class=\"elementor-element elementor-element-86f5249 elementor-widget elementor-widget-image\" data-id=\"86f5249\" data-element_type=\"widget\" data-widget_type=\"image.default\">\n\t\t\t\t<div class=\"elementor-widget-container\">\n\t\t\t\t\t\t\t\t\t\t\t\t\t<img fetchpriority=\"high\" decoding=\"async\" width=\"1707\" height=\"2560\" src=\"https:\/\/protrainingmodels.fr\/PTM\/wp-content\/uploads\/2020\/11\/Sporteam_trocadero_291020_132_1370-scaled.jpg\" class=\"attachment-full size-full wp-image-2913\" alt=\"\" srcset=\"https:\/\/protrainingmodels.fr\/PTM\/wp-content\/uploads\/2020\/11\/Sporteam_trocadero_291020_132_1370-scaled.jpg 1707w, https:\/\/protrainingmodels.fr\/PTM\/wp-content\/uploads\/2020\/11\/Sporteam_trocadero_291020_132_1370-200x300.jpg 200w, https:\/\/protrainingmodels.fr\/PTM\/wp-content\/uploads\/2020\/11\/Sporteam_trocadero_291020_132_1370-683x1024.jpg 683w, https:\/\/protrainingmodels.fr\/PTM\/wp-content\/uploads\/2020\/11\/Sporteam_trocadero_291020_132_1370-768x1152.jpg 768w, https:\/\/protrainingmodels.fr\/PTM\/wp-content\/uploads\/2020\/11\/Sporteam_trocadero_291020_132_1370-1024x1536.jpg 1024w, https:\/\/protrainingmodels.fr\/PTM\/wp-content\/uploads\/2020\/11\/Sporteam_trocadero_291020_132_1370-1365x2048.jpg 1365w, https:\/\/protrainingmodels.fr\/PTM\/wp-content\/uploads\/2020\/11\/Sporteam_trocadero_291020_132_1370-600x900.jpg 600w\" sizes=\"(max-width: 1707px) 100vw, 1707px\" \/>\t\t\t\t\t\t\t\t\t\t\t\t\t<\/div>\n\t\t\t\t<\/div>\n\t\t\t\t\t<\/div>\n\t\t<\/div>\n\t\t\t\t<div class=\"elementor-column elementor-col-33 elementor-inner-column elementor-element elementor-element-bdc4cf7\" data-id=\"bdc4cf7\" data-element_type=\"column\" data-settings=\"{&quot;background_background&quot;:&quot;classic&quot;}\">\n\t\t\t<div class=\"elementor-widget-wrap elementor-element-populated\">\n\t\t\t\t\t\t<div class=\"elementor-element elementor-element-26f0bea elementor-widget elementor-widget-image\" data-id=\"26f0bea\" data-element_type=\"widget\" data-widget_type=\"image.default\">\n\t\t\t\t<div class=\"elementor-widget-container\">\n\t\t\t\t\t\t\t\t\t\t\t\t\t<img decoding=\"async\" width=\"683\" height=\"1024\" src=\"https:\/\/protrainingmodels.fr\/PTM\/wp-content\/uploads\/2020\/11\/Sporteam_trocadero_291020_120_1313-683x1024.jpg\" class=\"attachment-large size-large wp-image-2909\" alt=\"\" srcset=\"https:\/\/protrainingmodels.fr\/PTM\/wp-content\/uploads\/2020\/11\/Sporteam_trocadero_291020_120_1313-683x1024.jpg 683w, https:\/\/protrainingmodels.fr\/PTM\/wp-content\/uploads\/2020\/11\/Sporteam_trocadero_291020_120_1313-200x300.jpg 200w, https:\/\/protrainingmodels.fr\/PTM\/wp-content\/uploads\/2020\/11\/Sporteam_trocadero_291020_120_1313-768x1152.jpg 768w, https:\/\/protrainingmodels.fr\/PTM\/wp-content\/uploads\/2020\/11\/Sporteam_trocadero_291020_120_1313-1024x1536.jpg 1024w, https:\/\/protrainingmodels.fr\/PTM\/wp-content\/uploads\/2020\/11\/Sporteam_trocadero_291020_120_1313-1365x2048.jpg 1365w, https:\/\/protrainingmodels.fr\/PTM\/wp-content\/uploads\/2020\/11\/Sporteam_trocadero_291020_120_1313-600x900.jpg 600w, https:\/\/protrainingmodels.fr\/PTM\/wp-content\/uploads\/2020\/11\/Sporteam_trocadero_291020_120_1313-scaled.jpg 1707w\" sizes=\"(max-width: 683px) 100vw, 683px\" \/>\t\t\t\t\t\t\t\t\t\t\t\t\t<\/div>\n\t\t\t\t<\/div>\n\t\t\t\t\t<\/div>\n\t\t<\/div>\n\t\t\t\t\t<\/div>\n\t\t<\/section>\n\t\t\t\t\t<\/div>\n\t\t<\/div>\n\t\t\t\t\t<\/div>\n\t\t<\/section>\n\t\t\t\t<section class=\"elementor-section elementor-top-section elementor-element elementor-element-df91bbb elementor-section-boxed elementor-section-height-default elementor-section-height-default\" data-id=\"df91bbb\" data-element_type=\"section\" data-settings=\"{&quot;background_background&quot;:&quot;classic&quot;}\">\n\t\t\t\t\t\t<div class=\"elementor-container elementor-column-gap-no\">\n\t\t\t\t\t<div class=\"elementor-column elementor-col-100 elementor-top-column elementor-element elementor-element-7dd6201\" data-id=\"7dd6201\" data-element_type=\"column\">\n\t\t\t<div class=\"elementor-widget-wrap elementor-element-populated\">\n\t\t\t\t\t\t<section class=\"elementor-section elementor-inner-section elementor-element elementor-element-2328fb0 elementor-section-boxed elementor-section-height-default elementor-section-height-default\" data-id=\"2328fb0\" data-element_type=\"section\">\n\t\t\t\t\t\t<div class=\"elementor-container elementor-column-gap-no\">\n\t\t\t\t\t<div class=\"elementor-column elementor-col-50 elementor-inner-column elementor-element elementor-element-ea8bd96\" data-id=\"ea8bd96\" data-element_type=\"column\" data-settings=\"{&quot;background_background&quot;:&quot;slideshow&quot;,&quot;background_slideshow_gallery&quot;:[{&quot;id&quot;:2916,&quot;url&quot;:&quot;https:\\\/\\\/protrainingmodels.fr\\\/PTM\\\/wp-content\\\/uploads\\\/2020\\\/11\\\/Sporteam_trocadero_291020_152_1530-scaled.jpg&quot;},{&quot;id&quot;:2919,&quot;url&quot;:&quot;https:\\\/\\\/protrainingmodels.fr\\\/PTM\\\/wp-content\\\/uploads\\\/2020\\\/11\\\/Sporteam_trocadero_291020_164_1591-scaled.jpg&quot;},{&quot;id&quot;:2911,&quot;url&quot;:&quot;https:\\\/\\\/protrainingmodels.fr\\\/PTM\\\/wp-content\\\/uploads\\\/2020\\\/11\\\/Sporteam_trocadero_291020_128_1355-scaled.jpg&quot;},{&quot;id&quot;:2912,&quot;url&quot;:&quot;https:\\\/\\\/protrainingmodels.fr\\\/PTM\\\/wp-content\\\/uploads\\\/2020\\\/11\\\/Sporteam_trocadero_291020_129_1362-scaled.jpg&quot;},{&quot;id&quot;:2913,&quot;url&quot;:&quot;https:\\\/\\\/protrainingmodels.fr\\\/PTM\\\/wp-content\\\/uploads\\\/2020\\\/11\\\/Sporteam_trocadero_291020_132_1370-scaled.jpg&quot;},{&quot;id&quot;:2914,&quot;url&quot;:&quot;https:\\\/\\\/protrainingmodels.fr\\\/PTM\\\/wp-content\\\/uploads\\\/2020\\\/11\\\/Sporteam_trocadero_291020_135_1411-scaled.jpg&quot;},{&quot;id&quot;:2917,&quot;url&quot;:&quot;https:\\\/\\\/protrainingmodels.fr\\\/PTM\\\/wp-content\\\/uploads\\\/2020\\\/11\\\/Sporteam_trocadero_291020_160_1568-scaled.jpg&quot;},{&quot;id&quot;:2918,&quot;url&quot;:&quot;https:\\\/\\\/protrainingmodels.fr\\\/PTM\\\/wp-content\\\/uploads\\\/2020\\\/11\\\/Sporteam_trocadero_291020_162_1574-scaled.jpg&quot;},{&quot;id&quot;:2915,&quot;url&quot;:&quot;https:\\\/\\\/protrainingmodels.fr\\\/PTM\\\/wp-content\\\/uploads\\\/2020\\\/11\\\/Sporteam_trocadero_291020_137_1433-scaled.jpg&quot;}],&quot;background_slideshow_slide_transition&quot;:&quot;slide_left&quot;,&quot;background_slideshow_loop&quot;:&quot;yes&quot;,&quot;background_slideshow_slide_duration&quot;:5000,&quot;background_slideshow_transition_duration&quot;:500}\">\n\t\t\t<div class=\"elementor-widget-wrap elementor-element-populated\">\n\t\t\t\t\t\t\t<\/div>\n\t\t<\/div>\n\t\t\t\t<div class=\"elementor-column elementor-col-50 elementor-inner-column elementor-element elementor-element-710e417\" data-id=\"710e417\" data-element_type=\"column\">\n\t\t\t<div class=\"elementor-widget-wrap elementor-element-populated\">\n\t\t\t\t\t\t<div class=\"elementor-element elementor-element-6604627 elementor-widget elementor-widget-heading\" data-id=\"6604627\" data-element_type=\"widget\" data-widget_type=\"heading.default\">\n\t\t\t\t<div class=\"elementor-widget-container\">\n\t\t\t<h2 class=\"elementor-heading-title elementor-size-default\">NEW FACES <\/h2>\t\t<\/div>\n\t\t\t\t<\/div>\n\t\t\t\t<div class=\"elementor-element elementor-element-a913af3 elementor-widget-divider--view-line elementor-widget elementor-widget-divider\" data-id=\"a913af3\" data-element_type=\"widget\" data-widget_type=\"divider.default\">\n\t\t\t\t<div class=\"elementor-widget-container\">\n\t\t\t\t\t<div class=\"elementor-divider\">\n\t\t\t<span class=\"elementor-divider-separator\">\n\t\t\t\t\t\t<\/span>\n\t\t<\/div>\n\t\t\t\t<\/div>\n\t\t\t\t<\/div>\n\t\t\t\t<div class=\"elementor-element elementor-element-90a4212 elementor-widget elementor-widget-text-editor\" data-id=\"90a4212\" data-element_type=\"widget\" data-widget_type=\"text-editor.default\">\n\t\t\t\t<div class=\"elementor-widget-container\">\n\t\t\t\t\t\t\t<p>Les mannequins ou aspirants mannequins sont form\u00e9s dans le but de\u00a0<\/p><ul><li>Trouver des agences pour plus d\u2019activit\u00e9s\u00a0<\/li><li>Etre Booker facilement de par leur comp\u00e9tences\u00a0<\/li><li>Se performer dans ce domaine\u00a0<\/li><li>Avoir des bases qui leur seront utiles dans d\u2019autres domaines de vie\u00a0<\/li><li>Vivre pleinement ce secteur de m\u00e9tier qu\u2019ils veulent exp\u00e9rimenter ou s\u2019y adonner totalement<\/li><li>Et bien d\u2019autres raisons\u00a0<\/li><\/ul><p>C\u2019est pourquoi vous trouverez sur cette rubrique des profils pour booking ou admission si vous \u00eates une agence.\u00a0<\/p>\t\t\t\t\t\t<\/div>\n\t\t\t\t<\/div>\n\t\t\t\t<div class=\"elementor-element elementor-element-bcb3535 elementor-widget__width-auto elementor-mobile-align-justify elementor-widget-mobile__width-inherit elementor-widget elementor-widget-button\" data-id=\"bcb3535\" data-element_type=\"widget\" data-widget_type=\"button.default\">\n\t\t\t\t<div class=\"elementor-widget-container\">\n\t\t\t\t\t<div class=\"elementor-button-wrapper\">\n\t\t\t<a class=\"elementor-button elementor-button-link elementor-size-sm\" href=\"https:\/\/protrainingmodels.fr\/PTM\/new-faces\/\">\n\t\t\t\t\t\t<span class=\"elementor-button-content-wrapper\">\n\t\t\t\t\t\t<span class=\"elementor-button-icon elementor-align-icon-right\">\n\t\t\t\t<i aria-hidden=\"true\" class=\"fas fa-arrow-right\"><\/i>\t\t\t<\/span>\n\t\t\t\t\t\t<span class=\"elementor-button-text\">Voir nos Models<\/span>\n\t\t<\/span>\n\t\t\t\t\t<\/a>\n\t\t<\/div>\n\t\t\t\t<\/div>\n\t\t\t\t<\/div>\n\t\t\t\t\t<\/div>\n\t\t<\/div>\n\t\t\t\t\t<\/div>\n\t\t<\/section>\n\t\t\t\t\t<\/div>\n\t\t<\/div>\n\t\t\t\t\t<\/div>\n\t\t<\/section>\n\t\t\t\t<section class=\"elementor-section elementor-top-section elementor-element elementor-element-af02a0d elementor-section-boxed elementor-section-height-default elementor-section-height-default\" data-id=\"af02a0d\" data-element_type=\"section\" id=\"rates\">\n\t\t\t\t\t\t<div class=\"elementor-container elementor-column-gap-no\">\n\t\t\t\t\t<div class=\"elementor-column elementor-col-50 elementor-top-column elementor-element elementor-element-13a5b99\" data-id=\"13a5b99\" data-element_type=\"column\">\n\t\t\t<div class=\"elementor-widget-wrap elementor-element-populated\">\n\t\t\t\t\t\t<div class=\"elementor-element elementor-element-ff5880b elementor-widget elementor-widget-heading\" data-id=\"ff5880b\" data-element_type=\"widget\" data-widget_type=\"heading.default\">\n\t\t\t\t<div class=\"elementor-widget-container\">\n\t\t\t<h2 class=\"elementor-heading-title elementor-size-default\">TALENTS<\/h2>\t\t<\/div>\n\t\t\t\t<\/div>\n\t\t\t\t<div class=\"elementor-element elementor-element-160d18e elementor-widget-divider--view-line elementor-widget elementor-widget-divider\" data-id=\"160d18e\" data-element_type=\"widget\" data-widget_type=\"divider.default\">\n\t\t\t\t<div class=\"elementor-widget-container\">\n\t\t\t\t\t<div class=\"elementor-divider\">\n\t\t\t<span class=\"elementor-divider-separator\">\n\t\t\t\t\t\t<\/span>\n\t\t<\/div>\n\t\t\t\t<\/div>\n\t\t\t\t<\/div>\n\t\t\t\t<div class=\"elementor-element elementor-element-581c2b6 elementor-widget elementor-widget-text-editor\" data-id=\"581c2b6\" data-element_type=\"widget\" data-widget_type=\"text-editor.default\">\n\t\t\t\t<div class=\"elementor-widget-container\">\n\t\t\t\t\t\t\t<p>La valorisation des talents et des personnes est l\u2019un des mots d\u2019ordre de chez pro training models. Ici vous trouverez des profils avec quelques d\u00e9tails sur leur travail. Vous pouvez par la suite<\/p><ul><li>Les suivre sur leur diff\u00e9rents r\u00e9seaux sociaux\u00a0<\/li><li>Les Booker\u00a0<\/li><li>Voir leur nouveaut\u00e9 du moment que nous mettrons sur la partie news<\/li><\/ul><p>Confondu entre artistes, acrobates, musiciens, chanteurs, danseuses,\u2026<\/p><blockquote><p>\u00ab\u00a0 Nous esp\u00e9rons que vous trouverez ce qui vous emm\u00e8ne sur cette rubrique\u00a0\u00bb<\/p><\/blockquote>\t\t\t\t\t\t<\/div>\n\t\t\t\t<\/div>\n\t\t\t\t<div class=\"elementor-element elementor-element-4ed14a2 elementor-widget__width-auto elementor-mobile-align-justify elementor-widget-mobile__width-inherit elementor-align-center elementor-widget elementor-widget-button\" data-id=\"4ed14a2\" data-element_type=\"widget\" data-widget_type=\"button.default\">\n\t\t\t\t<div class=\"elementor-widget-container\">\n\t\t\t\t\t<div class=\"elementor-button-wrapper\">\n\t\t\t<a class=\"elementor-button elementor-button-link elementor-size-sm\" href=\"https:\/\/protrainingmodels.fr\/PTM\/talents-2\/\">\n\t\t\t\t\t\t<span class=\"elementor-button-content-wrapper\">\n\t\t\t\t\t\t<span class=\"elementor-button-icon elementor-align-icon-right\">\n\t\t\t\t<i aria-hidden=\"true\" class=\"fas fa-arrow-right\"><\/i>\t\t\t<\/span>\n\t\t\t\t\t\t<span class=\"elementor-button-text\">Voir nos Talents<\/span>\n\t\t<\/span>\n\t\t\t\t\t<\/a>\n\t\t<\/div>\n\t\t\t\t<\/div>\n\t\t\t\t<\/div>\n\t\t\t\t\t<\/div>\n\t\t<\/div>\n\t\t\t\t<div class=\"elementor-column elementor-col-50 elementor-top-column elementor-element elementor-element-1712640\" data-id=\"1712640\" data-element_type=\"column\" data-settings=\"{&quot;background_background&quot;:&quot;slideshow&quot;,&quot;background_slideshow_gallery&quot;:[{&quot;id&quot;:2233,&quot;url&quot;:&quot;https:\\\/\\\/protrainingmodels.fr\\\/PTM\\\/wp-content\\\/uploads\\\/2020\\\/11\\\/Talent-Pro-training-models-6.jpg&quot;},{&quot;id&quot;:2231,&quot;url&quot;:&quot;https:\\\/\\\/protrainingmodels.fr\\\/PTM\\\/wp-content\\\/uploads\\\/2020\\\/11\\\/Talent-Pro-training-models-5.jpg&quot;},{&quot;id&quot;:2235,&quot;url&quot;:&quot;https:\\\/\\\/protrainingmodels.fr\\\/PTM\\\/wp-content\\\/uploads\\\/2020\\\/11\\\/Talent-Pro-training-models-7.jpg&quot;},{&quot;id&quot;:2236,&quot;url&quot;:&quot;https:\\\/\\\/protrainingmodels.fr\\\/PTM\\\/wp-content\\\/uploads\\\/2020\\\/11\\\/Talent-Pro-training-models-8.jpg&quot;},{&quot;id&quot;:2227,&quot;url&quot;:&quot;https:\\\/\\\/protrainingmodels.fr\\\/PTM\\\/wp-content\\\/uploads\\\/2020\\\/11\\\/Talent-Pro-training-models-3.jpg&quot;},{&quot;id&quot;:2225,&quot;url&quot;:&quot;https:\\\/\\\/protrainingmodels.fr\\\/PTM\\\/wp-content\\\/uploads\\\/2020\\\/11\\\/Talent-Pro-training-models-2.jpg&quot;},{&quot;id&quot;:2223,&quot;url&quot;:&quot;https:\\\/\\\/protrainingmodels.fr\\\/PTM\\\/wp-content\\\/uploads\\\/2020\\\/11\\\/Talent-Pro-training-models-1.jpg&quot;},{&quot;id&quot;:2221,&quot;url&quot;:&quot;https:\\\/\\\/protrainingmodels.fr\\\/PTM\\\/wp-content\\\/uploads\\\/2020\\\/11\\\/Talent-Pro-training-models.jpg&quot;}],&quot;background_slideshow_slide_transition&quot;:&quot;slide_right&quot;,&quot;background_slideshow_loop&quot;:&quot;yes&quot;,&quot;background_slideshow_slide_duration&quot;:5000,&quot;background_slideshow_transition_duration&quot;:500}\">\n\t\t\t<div class=\"elementor-widget-wrap\">\n\t\t\t\t\t\t\t<\/div>\n\t\t<\/div>\n\t\t\t\t\t<\/div>\n\t\t<\/section>\n\t\t\t\t<\/div>\n\t\t","protected":false},"excerpt":{"rendered":"<p>Models Pro training models valorise \u00e0 la fois les mannequins, les aspirants mannequins, les talents en tout genre car certains talents sont \u00e9galement mannequins de mani\u00e8re occasionnelle ou ponctuelle.Des informations concernant chaque profil\u00a0y sont \u00a0mentionn\u00e9es.Pour des employeurs ou agences souhaitant Booker un visage ou alors d\u00e9sirant avoir ce dernier parmi ses effectifs pour du long, [&hellip;]<\/p>\n","protected":false},"author":1,"featured_media":0,"parent":0,"menu_order":0,"comment_status":"closed","ping_status":"closed","template":"","meta":{"site-sidebar-layout":"no-sidebar","site-content-layout":"page-builder","ast-site-content-layout":"","site-content-style":"default","site-sidebar-style":"default","ast-global-header-display":"","ast-banner-title-visibility":"","ast-main-header-display":"","ast-hfb-above-header-display":"","ast-hfb-below-header-display":"","ast-hfb-mobile-header-display":"","site-post-title":"disabled","ast-breadcrumbs-content":"","ast-featured-img":"disabled","footer-sml-layout":"","theme-transparent-header-meta":"enabled","adv-header-id-meta":"","stick-header-meta":"","header-above-stick-meta":"","header-main-stick-meta":"","header-below-stick-meta":"","astra-migrate-meta-layouts":"default","ast-page-background-enabled":"default","ast-page-background-meta":{"desktop":{"background-color":"var(--ast-global-color-4)","background-image":"","background-repeat":"repeat","background-position":"center center","background-size":"auto","background-attachment":"scroll","background-type":"","background-media":"","overlay-type":"","overlay-color":"","overlay-gradient":""},"tablet":{"background-color":"","background-image":"","background-repeat":"repeat","background-position":"center center","background-size":"auto","background-attachment":"scroll","background-type":"","background-media":"","overlay-type":"","overlay-color":"","overlay-gradient":""},"mobile":{"background-color":"","background-image":"","background-repeat":"repeat","background-position":"center center","background-size":"auto","background-attachment":"scroll","background-type":"","background-media":"","overlay-type":"","overlay-color":"","overlay-gradient":""}},"ast-content-background-meta":{"desktop":{"background-color":"var(--ast-global-color-5)","background-image":"","background-repeat":"repeat","background-position":"center center","background-size":"auto","background-attachment":"scroll","background-type":"","background-media":"","overlay-type":"","overlay-color":"","overlay-gradient":""},"tablet":{"background-color":"var(--ast-global-color-5)","background-image":"","background-repeat":"repeat","background-position":"center center","background-size":"auto","background-attachment":"scroll","background-type":"","background-media":"","overlay-type":"","overlay-color":"","overlay-gradient":""},"mobile":{"background-color":"var(--ast-global-color-5)","background-image":"","background-repeat":"repeat","background-position":"center center","background-size":"auto","background-attachment":"scroll","background-type":"","background-media":"","overlay-type":"","overlay-color":"","overlay-gradient":""}},"footnotes":""},"_links":{"self":[{"href":"https:\/\/protrainingmodels.fr\/PTM\/wp-json\/wp\/v2\/pages\/1497"}],"collection":[{"href":"https:\/\/protrainingmodels.fr\/PTM\/wp-json\/wp\/v2\/pages"}],"about":[{"href":"https:\/\/protrainingmodels.fr\/PTM\/wp-json\/wp\/v2\/types\/page"}],"author":[{"embeddable":true,"href":"https:\/\/protrainingmodels.fr\/PTM\/wp-json\/wp\/v2\/users\/1"}],"replies":[{"embeddable":true,"href":"https:\/\/protrainingmodels.fr\/PTM\/wp-json\/wp\/v2\/comments?post=1497"}],"version-history":[{"count":46,"href":"https:\/\/protrainingmodels.fr\/PTM\/wp-json\/wp\/v2\/pages\/1497\/revisions"}],"predecessor-version":[{"id":3914,"href":"https:\/\/protrainingmodels.fr\/PTM\/wp-json\/wp\/v2\/pages\/1497\/revisions\/3914"}],"wp:attachment":[{"href":"https:\/\/protrainingmodels.fr\/PTM\/wp-json\/wp\/v2\/media?parent=1497"}],"curies":[{"name":"wp","href":"https:\/\/api.w.org\/{rel}","templated":true}]}}